{"id":2620,"date":"2023-04-20T09:01:15","date_gmt":"2023-04-20T09:01:15","guid":{"rendered":"https:\/\/comercialnespral.com\/producto\/wegfahrsperren-schulter-arm-armschlinge\/"},"modified":"2023-04-20T09:08:07","modified_gmt":"2023-04-20T09:08:07","slug":"wegfahrsperren-schulter-arm-armschlinge","status":"publish","type":"product","link":"https:\/\/comercialnespral.com\/de\/producto\/wegfahrsperren-schulter-arm-armschlinge\/","title":{"rendered":"Wegfahrsperren Schulter Arm | Armschlinge"},"content":{"rendered":"<ul>\n<li><strong>Ideal f\u00fcr:<\/strong> Entz\u00fcndliche Prozesse, die Ruhigstellung, Frakturen, Luxationen und Verletzungen an Armen, Handgelenk, Ellenbogen und Hand erfordern. Unterst\u00fctzung von Gipsarmen, Verstauchungen, Luxationen, nach Operationen.<\/li>\n<li><strong>Einfach zu verwenden.<\/strong> Aus weichem Schaumstoff (Foam) f\u00fcr zus\u00e4tzlichen Komfort.<\/li>\n<li><strong>Einheitsgr\u00f6\u00dfe und universell:<\/strong> 115 x 5 cm. Vollst\u00e4ndig verstellbar und entworfen, um Arm und Schulter in jeder Position zu st\u00fctzen und zu sch\u00fctzen.<\/li>\n<li><strong>Sling Armschlinge<\/strong> in achter Form. \u00dcbertr\u00e4gt das Gewicht des verletzten Arms auf den oberen R\u00fccken und den Nacken.<\/li>\n<li><strong>Hergestellt in Spanien.<\/strong><\/li>\n<\/ul>\n","protected":false},"excerpt":{"rendered":"<p>Armschlinge zur Armimmobilisierung Schulter | Einheitsgr\u00f6\u00dfe | Rechter Arm | Blau<\/p>\n<p><strong> Marke:<\/strong> Ortones<br \/>\n<strong>Anzahl der Artikel :<\/strong> 1<br \/>\n<strong>Material:<\/strong> Weicher Schaumstoff (Foam)<br \/>\n<strong>Farbe:<\/strong> blau<br \/>\n<strong>Artikelgewicht:<\/strong> 23.0 g<br \/>\n<strong>Besonderes Merkmal:<\/strong> einstellbar<br \/>\n<strong>Produktpflegeanweisungen:<\/strong> Nur von Hand mit milden Seifen waschen.<\/p>\n","protected":false},"featured_media":2539,"template":"","meta":{"_et_pb_use_builder":"","_et_pb_old_content":"","_et_gb_content_width":""},"product_cat":[72],"product_tag":[],"yoast_head":"<!-- This site is optimized with the Yoast SEO plugin v20.5 - https:\/\/yoast.com\/wordpress\/plugins\/seo\/ -->\n<title>Wegfahrsperren Schulter Arm | Armschlinge - Comercial Nespral<\/title>\n<meta name=\"description\" content=\"Wegfahrsperren Schulter Arm | Armschlinge | St\u00fctzgurt Medizinischer Qualit\u00e4t | Universalgr\u00f6\u00dfe | Farbe Blau\" \/>\n<meta name=\"robots\" content=\"index, follow, max-snippet:-1, max-image-preview:large, max-video-preview:-1\" \/>\n<link rel=\"canonical\" href=\"https:\/\/comercialnespral.com\/de\/producto\/wegfahrsperren-schulter-arm-armschlinge\/\" \/>\n<meta property=\"og:locale\" content=\"de_DE\" \/>\n<meta property=\"og:type\" content=\"article\" \/>\n<meta property=\"og:title\" content=\"Wegfahrsperren Schulter Arm | Armschlinge - Comercial Nespral\" \/>\n<meta property=\"og:description\" content=\"Wegfahrsperren Schulter Arm | Armschlinge | St\u00fctzgurt Medizinischer Qualit\u00e4t | Universalgr\u00f6\u00dfe | Farbe Blau\" \/>\n<meta property=\"og:url\" content=\"https:\/\/comercialnespral.com\/de\/producto\/wegfahrsperren-schulter-arm-armschlinge\/\" \/>\n<meta property=\"og:site_name\" content=\"Comercial Nespral\" \/>\n<meta property=\"article:modified_time\" content=\"2023-04-20T09:08:07+00:00\" \/>\n<meta property=\"og:image\" content=\"https:\/\/comercialnespral.com\/wp-content\/uploads\/2022\/06\/Cabestrillo-Inmovilizador-Hombro.jpg\" \/>\n\t<meta property=\"og:image:width\" content=\"425\" \/>\n\t<meta property=\"og:image:height\" content=\"425\" \/>\n\t<meta property=\"og:image:type\" content=\"image\/jpeg\" \/>\n<meta name=\"twitter:card\" content=\"summary_large_image\" \/>\n<meta name=\"twitter:label1\" content=\"Gesch\u00e4tzte Lesezeit\" \/>\n\t<meta name=\"twitter:data1\" content=\"1 Minute\" \/>\n<script type=\"application\/ld+json\" class=\"yoast-schema-graph\">{\"@context\":\"https:\/\/schema.org\",\"@graph\":[{\"@type\":\"WebPage\",\"@id\":\"https:\/\/comercialnespral.com\/de\/producto\/wegfahrsperren-schulter-arm-armschlinge\/\",\"url\":\"https:\/\/comercialnespral.com\/de\/producto\/wegfahrsperren-schulter-arm-armschlinge\/\",\"name\":\"Wegfahrsperren Schulter Arm | Armschlinge - Comercial Nespral\",\"isPartOf\":{\"@id\":\"https:\/\/comercialnespral.com\/#website\"},\"datePublished\":\"2023-04-20T09:01:15+00:00\",\"dateModified\":\"2023-04-20T09:08:07+00:00\",\"description\":\"Wegfahrsperren Schulter Arm | Armschlinge | St\u00fctzgurt Medizinischer Qualit\u00e4t | Universalgr\u00f6\u00dfe | Farbe Blau\",\"breadcrumb\":{\"@id\":\"https:\/\/comercialnespral.com\/de\/producto\/wegfahrsperren-schulter-arm-armschlinge\/#breadcrumb\"},\"inLanguage\":\"de-DE\",\"potentialAction\":[{\"@type\":\"ReadAction\",\"target\":[\"https:\/\/comercialnespral.com\/de\/producto\/wegfahrsperren-schulter-arm-armschlinge\/\"]}]},{\"@type\":\"BreadcrumbList\",\"@id\":\"https:\/\/comercialnespral.com\/de\/producto\/wegfahrsperren-schulter-arm-armschlinge\/#breadcrumb\",\"itemListElement\":[{\"@type\":\"ListItem\",\"position\":1,\"name\":\"Startseite\",\"item\":\"https:\/\/comercialnespral.com\/de\/\"},{\"@type\":\"ListItem\",\"position\":2,\"name\":\"Productos\",\"item\":\"https:\/\/comercialnespral.com\/tienda\/\"},{\"@type\":\"ListItem\",\"position\":3,\"name\":\"Wegfahrsperren Schulter Arm | Armschlinge\"}]},{\"@type\":\"WebSite\",\"@id\":\"https:\/\/comercialnespral.com\/#website\",\"url\":\"https:\/\/comercialnespral.com\/\",\"name\":\"Comercial Nespral\",\"description\":\"\",\"potentialAction\":[{\"@type\":\"SearchAction\",\"target\":{\"@type\":\"EntryPoint\",\"urlTemplate\":\"https:\/\/comercialnespral.com\/?s={search_term_string}\"},\"query-input\":\"required name=search_term_string\"}],\"inLanguage\":\"de-DE\"}]}<\/script>\n<!-- \/ Yoast SEO plugin. -->","yoast_head_json":{"title":"Wegfahrsperren Schulter Arm | Armschlinge - Comercial Nespral","description":"Wegfahrsperren Schulter Arm | Armschlinge | St\u00fctzgurt Medizinischer Qualit\u00e4t | Universalgr\u00f6\u00dfe | Farbe Blau","robots":{"index":"index","follow":"follow","max-snippet":"max-snippet:-1","max-image-preview":"max-image-preview:large","max-video-preview":"max-video-preview:-1"},"canonical":"https:\/\/comercialnespral.com\/de\/producto\/wegfahrsperren-schulter-arm-armschlinge\/","og_locale":"de_DE","og_type":"article","og_title":"Wegfahrsperren Schulter Arm | Armschlinge - Comercial Nespral","og_description":"Wegfahrsperren Schulter Arm | Armschlinge | St\u00fctzgurt Medizinischer Qualit\u00e4t | Universalgr\u00f6\u00dfe | Farbe Blau","og_url":"https:\/\/comercialnespral.com\/de\/producto\/wegfahrsperren-schulter-arm-armschlinge\/","og_site_name":"Comercial Nespral","article_modified_time":"2023-04-20T09:08:07+00:00","og_image":[{"width":425,"height":425,"url":"https:\/\/comercialnespral.com\/wp-content\/uploads\/2022\/06\/Cabestrillo-Inmovilizador-Hombro.jpg","type":"image\/jpeg"}],"twitter_card":"summary_large_image","twitter_misc":{"Gesch\u00e4tzte Lesezeit":"1 Minute"},"schema":{"@context":"https:\/\/schema.org","@graph":[{"@type":"WebPage","@id":"https:\/\/comercialnespral.com\/de\/producto\/wegfahrsperren-schulter-arm-armschlinge\/","url":"https:\/\/comercialnespral.com\/de\/producto\/wegfahrsperren-schulter-arm-armschlinge\/","name":"Wegfahrsperren Schulter Arm | Armschlinge - Comercial Nespral","isPartOf":{"@id":"https:\/\/comercialnespral.com\/#website"},"datePublished":"2023-04-20T09:01:15+00:00","dateModified":"2023-04-20T09:08:07+00:00","description":"Wegfahrsperren Schulter Arm | Armschlinge | St\u00fctzgurt Medizinischer Qualit\u00e4t | Universalgr\u00f6\u00dfe | Farbe Blau","breadcrumb":{"@id":"https:\/\/comercialnespral.com\/de\/producto\/wegfahrsperren-schulter-arm-armschlinge\/#breadcrumb"},"inLanguage":"de-DE","potentialAction":[{"@type":"ReadAction","target":["https:\/\/comercialnespral.com\/de\/producto\/wegfahrsperren-schulter-arm-armschlinge\/"]}]},{"@type":"BreadcrumbList","@id":"https:\/\/comercialnespral.com\/de\/producto\/wegfahrsperren-schulter-arm-armschlinge\/#breadcrumb","itemListElement":[{"@type":"ListItem","position":1,"name":"Startseite","item":"https:\/\/comercialnespral.com\/de\/"},{"@type":"ListItem","position":2,"name":"Productos","item":"https:\/\/comercialnespral.com\/tienda\/"},{"@type":"ListItem","position":3,"name":"Wegfahrsperren Schulter Arm | Armschlinge"}]},{"@type":"WebSite","@id":"https:\/\/comercialnespral.com\/#website","url":"https:\/\/comercialnespral.com\/","name":"Comercial Nespral","description":"","potentialAction":[{"@type":"SearchAction","target":{"@type":"EntryPoint","urlTemplate":"https:\/\/comercialnespral.com\/?s={search_term_string}"},"query-input":"required name=search_term_string"}],"inLanguage":"de-DE"}]}},"_links":{"self":[{"href":"https:\/\/comercialnespral.com\/de\/wp-json\/wp\/v3\/product\/2620"}],"collection":[{"href":"https:\/\/comercialnespral.com\/de\/wp-json\/wp\/v3\/product"}],"about":[{"href":"https:\/\/comercialnespral.com\/de\/wp-json\/wp\/v2\/types\/product"}],"wp:featuredmedia":[{"embeddable":true,"href":"https:\/\/comercialnespral.com\/de\/wp-json\/wp\/v2\/media\/2539"}],"wp:attachment":[{"href":"https:\/\/comercialnespral.com\/de\/wp-json\/wp\/v2\/media?parent=2620"}],"wp:term":[{"taxonomy":"product_cat","embeddable":true,"href":"https:\/\/comercialnespral.com\/de\/wp-json\/wp\/v2\/product_cat?post=2620"},{"taxonomy":"product_tag","embeddable":true,"href":"https:\/\/comercialnespral.com\/de\/wp-json\/wp\/v2\/product_tag?post=2620"}],"curies":[{"name":"wp","href":"https:\/\/api.w.org\/{rel}","templated":true}]}}

<ul>
<li><strong>Ideal für:</strong> Entzündliche Prozesse, die Ruhigstellung, Frakturen, Luxationen und Verletzungen an Armen, Handgelenk, Ellenbogen und Hand erfordern. Unterstützung von Gipsarmen, Verstauchungen, Luxationen, nach Operationen.</li>
<li><strong>Einfach zu verwenden.</strong> Aus weichem Schaumstoff (Foam) für zusätzlichen Komfort.</li>
<li><strong>Einheitsgröße und universell:</strong> 115 x 5 cm. Vollständig verstellbar und entworfen, um Arm und Schulter in jeder Position zu stützen und zu schützen.</li>
<li><strong>Sling Armschlinge</strong> in achter Form. Überträgt das Gewicht des verletzten Arms auf den oberen Rücken und den Nacken.</li>
<li><strong>Hergestellt in Spanien.</strong></li>
</ul>

<p>Armschlinge zur Armimmobilisierung Schulter | Einheitsgröße | Rechter Arm | Blau</p>
<p><strong> Marke:</strong> Ortones<br />
<strong>Anzahl der Artikel :</strong> 1<br />
<strong>Material:</strong> Weicher Schaumstoff (Foam)<br />
<strong>Farbe:</strong> blau<br />
<strong>Artikelgewicht:</strong> 23.0 g<br />
<strong>Besonderes Merkmal:</strong> einstellbar<br />
<strong>Produktpflegeanweisungen:</strong> Nur von Hand mit milden Seifen waschen.</p>

<!-- This site is optimized with the Yoast SEO plugin v20.5 - https://yoast.com/wordpress/plugins/seo/ -->
<title>Wegfahrsperren Schulter Arm | Armschlinge - Comercial Nespral</title>
<meta name="description" content="Wegfahrsperren Schulter Arm | Armschlinge | Stützgurt Medizinischer Qualität | Universalgröße | Farbe Blau" />
<meta name="robots" content="index, follow, max-snippet:-1, max-image-preview:large, max-video-preview:-1" />
<link rel="canonical" href="https://comercialnespral.com/de/producto/wegfahrsperren-schulter-arm-armschlinge/" />
<meta property="og:locale" content="de_DE" />
<meta property="og:type" content="article" />
<meta property="og:title" content="Wegfahrsperren Schulter Arm | Armschlinge - Comercial Nespral" />
<meta property="og:description" content="Wegfahrsperren Schulter Arm | Armschlinge | Stützgurt Medizinischer Qualität | Universalgröße | Farbe Blau" />
<meta property="og:url" content="https://comercialnespral.com/de/producto/wegfahrsperren-schulter-arm-armschlinge/" />
<meta property="og:site_name" content="Comercial Nespral" />
<meta property="article:modified_time" content="2023-04-20T09:08:07+00:00" />
<meta property="og:image" content="https://comercialnespral.com/wp-content/uploads/2022/06/Cabestrillo-Inmovilizador-Hombro.jpg" />
	<meta property="og:image:width" content="425" />
	<meta property="og:image:height" content="425" />
	<meta property="og:image:type" content="image/jpeg" />
<meta name="twitter:card" content="summary_large_image" />
<meta name="twitter:label1" content="Geschätzte Lesezeit" />
	<meta name="twitter:data1" content="1 Minute" />
<script type="application/ld+json" class="yoast-schema-graph">{"@context":"https://schema.org","@graph":[{"@type":"WebPage","@id":"https://comercialnespral.com/de/producto/wegfahrsperren-schulter-arm-armschlinge/","url":"https://comercialnespral.com/de/producto/wegfahrsperren-schulter-arm-armschlinge/","name":"Wegfahrsperren Schulter Arm | Armschlinge - Comercial Nespral","isPartOf":{"@id":"https://comercialnespral.com/#website"},"datePublished":"2023-04-20T09:01:15+00:00","dateModified":"2023-04-20T09:08:07+00:00","description":"Wegfahrsperren Schulter Arm | Armschlinge | Stützgurt Medizinischer Qualität | Universalgröße | Farbe Blau","breadcrumb":{"@id":"https://comercialnespral.com/de/producto/wegfahrsperren-schulter-arm-armschlinge/#breadcrumb"},"inLanguage":"de-DE","potentialAction":[{"@type":"ReadAction","target":["https://comercialnespral.com/de/producto/wegfahrsperren-schulter-arm-armschlinge/"]}]},{"@type":"BreadcrumbList","@id":"https://comercialnespral.com/de/producto/wegfahrsperren-schulter-arm-armschlinge/#breadcrumb","itemListElement":[{"@type":"ListItem","position":1,"name":"Startseite","item":"https://comercialnespral.com/de/"},{"@type":"ListItem","position":2,"name":"Productos","item":"https://comercialnespral.com/tienda/"},{"@type":"ListItem","position":3,"name":"Wegfahrsperren Schulter Arm | Armschlinge"}]},{"@type":"WebSite","@id":"https://comercialnespral.com/#website","url":"https://comercialnespral.com/","name":"Comercial Nespral","description":"","potentialAction":[{"@type":"SearchAction","target":{"@type":"EntryPoint","urlTemplate":"https://comercialnespral.com/?s={search_term_string}"},"query-input":"required name=search_term_string"}],"inLanguage":"de-DE"}]}</script>
<!-- / Yoast SEO plugin. -->

Wegfahrsperren Schulter Arm | Armschlinge | Stützgurt Medizinischer Qualität | Universalgröße | Farbe Blau
